{"id":14,"date":"2025-10-26T16:47:08","date_gmt":"2025-10-26T15:47:08","guid":{"rendered":"https:\/\/phidere.fr\/?page_id=14"},"modified":"2026-02-16T23:35:16","modified_gmt":"2026-02-16T22:35:16","slug":"a-propos","status":"publish","type":"page","link":"https:\/\/phidere.fr\/?page_id=14","title":{"rendered":"A propos"},"content":{"rendered":"\n<figure class=\"wp-block-image size-large\"><img loading=\"lazy\" decoding=\"async\" width=\"1920\" height=\"1079\" src=\"https:\/\/phidere.fr\/wp-content\/uploads\/2026\/02\/oreima-nanterre-edited.jpg\" alt=\"\" class=\"wp-image-118\" srcset=\"https:\/\/phidere.fr\/wp-content\/uploads\/2026\/02\/oreima-nanterre-edited.jpg 1920w, https:\/\/phidere.fr\/wp-content\/uploads\/2026\/02\/oreima-nanterre-edited-300x169.jpg 300w, https:\/\/phidere.fr\/wp-content\/uploads\/2026\/02\/oreima-nanterre-edited-1024x575.jpg 1024w, https:\/\/phidere.fr\/wp-content\/uploads\/2026\/02\/oreima-nanterre-edited-768x432.jpg 768w, https:\/\/phidere.fr\/wp-content\/uploads\/2026\/02\/oreima-nanterre-edited-1536x863.jpg 1536w\" sizes=\"auto, (max-width: 1920px) 100vw, 1920px\" \/><\/figure>\n\n\n\n<h2 class=\"wp-block-heading has-text-align-center\">PHIDERE, notre histoire<\/h2>\n\n\n\n<div class=\"wp-block-columns is-layout-flex wp-container-core-columns-is-layout-28f84493 wp-block-columns-is-layout-flex\">\n<div class=\"wp-block-column is-layout-flow wp-block-column-is-layout-flow\">\n<blockquote class=\"wp-block-quote is-layout-flow wp-block-quote-is-layout-flow\">\n<p><strong>PHIDERE est r\u00e9ellement n\u00e9e en 2012 de la rencontre entre C\u00e9cile Doucet et Gaston-Pierre BORDERIE, deux \u00e9tudiants entrepreneurs passionn\u00e9s par l&rsquo;art, l&rsquo;architecture, la cr\u00e9ation, le go\u00fbt de l&rsquo;esth\u00e9tique et du travail bien fait.<\/strong><\/p>\n<\/blockquote>\n<\/div>\n\n\n\n<div class=\"wp-block-column is-layout-flow wp-block-column-is-layout-flow\">\n<p>Le monde a consid\u00e9rablement chang\u00e9. Pour attirer et retenir les talents, les entreprises doivent d\u00e9sormais r\u00e9pondre aux nouvelles aspirations. Elles doivent incarner des valeurs, prendre soin des collaborateurs, apporter du sens, f\u00e9d\u00e9rer en interne, innover ensemble et lib\u00e9rer l\u2019\u00e9nergie cr\u00e9ative de chacun. Au regard de ces enjeux, les bureaux ont un r\u00f4le clef \u00e0 jouer.<\/p>\n<\/div>\n\n\n\n<div class=\"wp-block-column is-layout-flow wp-block-column-is-layout-flow\">\n<p>Nous voulions offrir une autre vision du b\u00e2timent, proposer des process innovants, boost\u00e9s d\u2019une forte cr\u00e9ativit\u00e9 et capable d\u2019accompagner une nouvelle vision de l&rsquo;acte de construire. Pour ce faire, nous avons tr\u00e8s vite compris que construire des beaux lieux ne suffirait pas. Il fallait d&rsquo;abord repenser la notion d&rsquo;espace. En interrogeant ses usages, nous avons r\u00e9ussi \u00e0 construire des lieux qui marquent les esprits et servent l&rsquo;ensemble de ces utilisateurs.<\/p>\n<\/div>\n<\/div>\n\n\n\n<p><\/p>\n\n\n\n<figure class=\"wp-block-gallery has-nested-images columns-default is-cropped wp-block-gallery-1 is-layout-flex wp-block-gallery-is-layout-flex\">\n<figure class=\"wp-block-image size-large\"><img loading=\"lazy\" decoding=\"async\" width=\"1024\" height=\"683\" data-id=\"151\" src=\"https:\/\/phidere.fr\/wp-content\/uploads\/2026\/02\/photo-interieur-1024x683.jpg\" alt=\"\" class=\"wp-image-151\" srcset=\"https:\/\/phidere.fr\/wp-content\/uploads\/2026\/02\/photo-interieur-1024x683.jpg 1024w, https:\/\/phidere.fr\/wp-content\/uploads\/2026\/02\/photo-interieur-300x200.jpg 300w, https:\/\/phidere.fr\/wp-content\/uploads\/2026\/02\/photo-interieur-768x512.jpg 768w, https:\/\/phidere.fr\/wp-content\/uploads\/2026\/02\/photo-interieur-1536x1024.jpg 1536w, https:\/\/phidere.fr\/wp-content\/uploads\/2026\/02\/photo-interieur-2048x1365.jpg 2048w\" sizes=\"auto, (max-width: 1024px) 100vw, 1024px\" \/><\/figure>\n<\/figure>\n\n\n\n<h2 class=\"wp-block-heading\">Esprits et valeurs<\/h2>\n\n\n\n<div class=\"wp-block-columns is-layout-flex wp-container-core-columns-is-layout-28f84493 wp-block-columns-is-layout-flex\">\n<div class=\"wp-block-column is-layout-flow wp-block-column-is-layout-flow\">\n<h2 class=\"wp-block-heading\">Le respect<\/h2>\n\n\n\n<p>Respect du client, respect de nos collaborateurs, respect de nos partenaires, respect de nos engagements. Le respect est une de nos valeurs fortes qui nous caract\u00e9rise. Nous croyons en la sinc\u00e9rit\u00e9 de nos \u00e9changes et en la construction de projet bas\u00e9 sur les int\u00e9r\u00eats de tous. Nous respectons l&rsquo;ensemble des acteurs du projet en les r\u00e9mun\u00e9rant au juste prix, c&rsquo;est notre force.<\/p>\n<\/div>\n\n\n\n<div class=\"wp-block-column is-layout-flow wp-block-column-is-layout-flow\">\n<h2 class=\"wp-block-heading\">L&rsquo;humilit\u00e9<\/h2>\n\n\n\n<p>Nous avons tous \u00e0 apprendre de chacun. L&rsquo;envie d&rsquo;apprendre de nos exp\u00e9riences et de continuellement s&rsquo;am\u00e9liorer fait partie int\u00e9grante de notre ADN.<\/p>\n\n\n\n<p><\/p>\n<\/div>\n\n\n\n<div class=\"wp-block-column is-layout-flow wp-block-column-is-layout-flow\">\n<h2 class=\"wp-block-heading\">Le collectif<\/h2>\n\n\n\n<p>La puissance du collectif nous caract\u00e9rise. Le fonctionnement en \u00e9quipe est primordial pour avancer loin, vite et bien. Cela nous permet de servir notre mission avec une grande agilit\u00e9 et confiance.<\/p>\n<\/div>\n<\/div>\n\n\n\n<hr class=\"wp-block-separator has-alpha-channel-opacity\"\/>\n\n\n\n<div class=\"wp-block-columns is-layout-flex wp-container-core-columns-is-layout-28f84493 wp-block-columns-is-layout-flex\">\n<div class=\"wp-block-column is-layout-flow wp-block-column-is-layout-flow\">\n<h2 class=\"wp-block-heading\">Confiance<\/h2>\n\n\n\n<p>Chez PHIDERE, nous faisons le choix de l&rsquo;humain et de faire confiance \u00e0 tous les acteurs du projet. La parole et l&rsquo;engagement ont une valeur forte chez nous ainsi que nos partenaires. C&rsquo;est cette confiance qui nous permet d&rsquo;\u00e9tablir la meilleure \u00e9quipe : une exp\u00e9riment\u00e9e et habitu\u00e9e \u00e0 travailler ensemble.<\/p>\n<\/div>\n\n\n\n<div class=\"wp-block-column is-layout-flow wp-block-column-is-layout-flow\">\n<h2 class=\"wp-block-heading\">Sinc\u00e9rit\u00e9<\/h2>\n\n\n\n<p>La confiance passe par le respect et la sinc\u00e9rit\u00e9 des relations. Nous construisons des relations solides permettant d&rsquo;avoir les ingr\u00e9dients pour donner l&rsquo;envie \u00e0 nos partenaires de se d\u00e9passer.<\/p>\n<\/div>\n\n\n\n<div class=\"wp-block-column is-layout-flow wp-block-column-is-layout-flow\">\n<h2 class=\"wp-block-heading\">Le travail bien fait<\/h2>\n\n\n\n<p>Le go\u00fbt du travail bien fait anime l&rsquo;ensemble de nos collaborateurs, de l&rsquo;architecte jusqu&rsquo;\u00e0 l&rsquo;ouvrier poseur. Chacun \u00e0 son r\u00f4le \u00e0 jouer et c&rsquo;est le go\u00fbt du travail bien fait qui nous permet de d\u00e9livrer un beau projet r\u00e9ussi jusqu&rsquo;\u00e0 ces moindres petits d\u00e9tails. D\u00e9tails qui font \u00e0 coup s\u00fbr la diff\u00e9rence.<\/p>\n<\/div>\n<\/div>\n\n\n\n<p><\/p>\n\n\n\n<h2 class=\"wp-block-heading\">En quelques mots, une m\u00e9thode structur\u00e9e, invisible mais essentielle<\/h2>\n\n\n\n<p>Fond\u00e9 en 2020, PHIDERE est un acteur ind\u00e9pendant du secteur du b\u00e2timent qui a fait ses armes avec de nombreux clients. C&rsquo;est gr\u00e2ce \u00e0 ces clients que PHIDERE arrive aujourd&rsquo;hui avec une maturit\u00e9 dans sa m\u00e9thode dans l&rsquo;accompagnement de ces clients.<\/p>\n\n\n\n<p>PHIDERE conseille et accompagne les entreprises, propri\u00e9taires de biens, investisseurs patrimoniaux, les commer\u00e7ants ou tout simplement les particuliers souhaitant cr\u00e9er un lieu qui leur ressemble. C&rsquo;est notre envie de vous donner le meilleur de nous m\u00eame qui anime notre quotidien. Si vous aussi vous souhaitez vivre une belle exp\u00e9rience enrichissante d&rsquo;un projet de vie personnelle ou d&rsquo;entrepreneur, vous avez trouv\u00e9 votre interlocuteur.<\/p>\n\n\n\n<p class=\"has-text-align-left\"><\/p>\n\n\n\n<hr class=\"wp-block-separator has-alpha-channel-opacity\"\/>\n\n\n\n<h2 class=\"wp-block-heading has-text-align-center\">Notre engagement<\/h2>\n\n\n\n<p class=\"has-text-align-center\">Un projet d\u2019exception ne laisse aucune place \u00e0 l\u2019improvisation.<\/p>\n\n\n\n<p class=\"has-text-align-center\">Il exige vision, m\u00e9thode et ma\u00eetrise.<\/p>\n\n\n\n<p class=\"has-text-align-center\">Nous concevons chaque r\u00e9alisation comme une \u0153uvre durable, pens\u00e9e pour traverser le temps.<\/p>\n\n\n\n<p class=\"has-text-align-center\"><strong><em>C\u00e9cile et Gaston-Pierre BORDERIE-DOUCET<\/em><\/strong><\/p>\n\n\n\n<p class=\"has-text-align-center\"><strong><em>contact@phidere.fr<\/em><\/strong><\/p>\n","protected":false},"excerpt":{"rendered":"<p>PHIDERE, notre histoire PHIDERE est r\u00e9ellement n\u00e9e en 2012 de la rencontre entre C\u00e9cile Doucet et Gaston-Pierre BORDERIE, deux \u00e9tudiants entrepreneurs passionn\u00e9s par l&rsquo;art, l&rsquo;architecture, la cr\u00e9ation, le go\u00fbt de l&rsquo;esth\u00e9tique et du travail bien fait. Le monde a consid\u00e9rablement chang\u00e9. Pour attirer et retenir les talents, les entreprises doivent d\u00e9sormais r\u00e9pondre aux nouvelles aspirations. [&hellip;]<\/p>\n","protected":false},"author":1,"featured_media":0,"parent":0,"menu_order":0,"comment_status":"closed","ping_status":"closed","template":"","meta":{"_kadence_starter_templates_imported_post":false,"footnotes":""},"class_list":["post-14","page","type-page","status-publish","hentry"],"blocksy_meta":[],"_links":{"self":[{"href":"https:\/\/phidere.fr\/index.php?rest_route=\/wp\/v2\/pages\/14","targetHints":{"allow":["GET"]}}],"collection":[{"href":"https:\/\/phidere.fr\/index.php?rest_route=\/wp\/v2\/pages"}],"about":[{"href":"https:\/\/phidere.fr\/index.php?rest_route=\/wp\/v2\/types\/page"}],"author":[{"embeddable":true,"href":"https:\/\/phidere.fr\/index.php?rest_route=\/wp\/v2\/users\/1"}],"replies":[{"embeddable":true,"href":"https:\/\/phidere.fr\/index.php?rest_route=%2Fwp%2Fv2%2Fcomments&post=14"}],"version-history":[{"count":11,"href":"https:\/\/phidere.fr\/index.php?rest_route=\/wp\/v2\/pages\/14\/revisions"}],"predecessor-version":[{"id":170,"href":"https:\/\/phidere.fr\/index.php?rest_route=\/wp\/v2\/pages\/14\/revisions\/170"}],"wp:attachment":[{"href":"https:\/\/phidere.fr\/index.php?rest_route=%2Fwp%2Fv2%2Fmedia&parent=14"}],"curies":[{"name":"wp","href":"https:\/\/api.w.org\/{rel}","templated":true}]}}